{"id":55,"date":"2016-06-13T15:48:45","date_gmt":"2016-06-13T15:48:45","guid":{"rendered":"https:\/\/sw-themes.com\/porto_dummy\/?page_id=55"},"modified":"2024-06-24T13:26:31","modified_gmt":"2024-06-24T18:26:31","slug":"quienes-somos","status":"publish","type":"page","link":"https:\/\/fundaciontejidosocial.org\/index.php\/quienes-somos\/","title":{"rendered":"\u00bfQui\u00e9nes SOMOS?"},"content":{"rendered":"<div class=\"wpb-content-wrapper\"><p>[vc_row wrap_container=&#8221;yes&#8221; el_class=&#8221;pb-5 overflow-hidden&#8221;][vc_column width=&#8221;3\/4&#8243; el_class=&#8221;mx-md-auto&#8221; animation_type=&#8221;maskUp&#8221;]<h2 class=\"word-rotator slide short m-t-xxl\" style=\"font-size:32px;line-height:46px;text-align:center;\" data-plugin-options=\"{'waittime': 2500, 'pauseOnHover': false}\"><span class=\"word-rotate-prefix\" style=\"font-weight:700;font-size:32px !important;\">Nosotros somos Fundaci\u00f3n Wr Tejido Social<\/span> <span class=\"word-rotator-items has-bg\" style=\"color:#ffffff;background:#0088cc;\"><b class=\"active\">Creamos<\/b><b>Construimos<\/b><b>Generamos<\/b><\/span> <span class=\"word-rotate-suffix\" style=\"font-weight:700;font-size:32px !important;\">Ambientes de Conciencia Social<\/span><\/h2>[\/vc_column][\/vc_row][vc_row wrap_container=&#8221;yes&#8221; animation_delay=&#8221;&#8221; el_class=&#8221;pb-5&#8243;][vc_column][vc_row_inner][vc_column_inner width=&#8221;1\/3&#8243; animation_delay=&#8221;800&#8243; animation_type=&#8221;fadeInLeft&#8221;][vc_custom_heading text=&#8221;\u00bfQU\u00c9 NOS PROPONEMOS?  <b> MISI\u00d3N <\/b>&#8221; font_container=&#8221;tag:h2|font_size:25|text_align:center|line_height:1&#8243; use_theme_fonts=&#8221;yes&#8221; el_class=&#8221;mb-3&#8243;]<div class=\"porto-sicon-box  wpb_custom_1efe903570d178ff0a9b7bfa5febd3a4 style_1 left-icon\"><div class=\"porto-sicon-body\"><div class=\"porto-sicon-description\" style=\"\">\n<p style=\"text-align: center;\">Trabajar por el bienestar de la poblaci\u00f3n\u00a0 en estado de vulnerabilidad, creando yfortaleciendo capacidades para promover un desarrollo incluyente que genere cambios sostenibles en el entorno y de comportamiento de los individuos.<\/p>\n<p><\/div> <!-- description --><\/div><\/div><!-- porto-sicon-box -->[\/vc_column_inner][vc_column_inner width=&#8221;1\/3&#8243; animation_delay=&#8221;600&#8243; animation_type=&#8221;fadeIn&#8221;][vc_custom_heading text=&#8221;\u00bfHACIA DONDE MIRAMOS?  <b> VISI\u00d3N <\/b>&#8221; font_container=&#8221;tag:h2|font_size:25|text_align:center|line_height:1&#8243; use_theme_fonts=&#8221;yes&#8221; el_class=&#8221;mb-3&#8243;]<div class=\"porto-sicon-box  wpb_custom_1efe903570d178ff0a9b7bfa5febd3a4 style_1 left-icon\"><div class=\"porto-sicon-body\"><div class=\"porto-sicon-description\" style=\"\">\n<p style=\"text-align: center;\">La fundaci\u00f3n ser\u00e1 para el pr\u00f3ximo decenio, una entidad l\u00edder en el campo social, con programas reconocidos por su excelente manejo y transformaci\u00f3n de los grupos beneficiarios, as\u00ed mismo, el enfoque positivo y pr\u00e1ctico que se brinda a los proyectos, est\u00e1 encaminado en el restablecimiento de los derechos.<\/p>\n<p><\/div> <!-- description --><\/div><\/div><!-- porto-sicon-box -->[\/vc_column_inner][vc_column_inner width=&#8221;1\/3&#8243; animation_delay=&#8221;800&#8243; animation_type=&#8221;fadeInRight&#8221;][vc_custom_heading text=&#8221;\u00bfC\u00d3MO LO VAMOS A LOGAR?  <b> PLAN <\/b>&#8221; font_container=&#8221;tag:h2|font_size:25|text_align:center|line_height:1&#8243; use_theme_fonts=&#8221;yes&#8221; el_class=&#8221;mb-3&#8243;]<div class=\"porto-sicon-box  wpb_custom_1efe903570d178ff0a9b7bfa5febd3a4 style_1 left-icon\"><div class=\"porto-sicon-body\"><div class=\"porto-sicon-description\" style=\"\">\n<p style=\"text-align: center;\">Promover la prestaci\u00f3n de servicios de bienestar y desarrollo social a las personas, en estado de vulnerabilidad de sus derechos, encaminadas a mejorar sus condiciones de vida, en el marco de la protecci\u00f3n, dignidad y respeto por los derechos humanos.<\/p>\n<p>&nbsp;<\/div> <!-- description --><\/div><\/div><!-- porto-sicon-box -->[\/vc_column_inner][\/vc_row_inner][\/vc_column][\/vc_row][vc_row wrap_container=&#8221;yes&#8221; is_section=&#8221;yes&#8221; remove_margin_top=&#8221;yes&#8221; remove_margin_bottom=&#8221;yes&#8221; remove_border=&#8221;yes&#8221; el_class=&#8221;p-t-xxl row-align-items-center&#8221;][vc_column text_align=&#8221;center&#8221; offset=&#8221;vc_col-md-6&#8243; el_class=&#8221;pe-lg-5 mb-sm-5 mb-lg-0&#8243; conditional_render=&#8221;%5B%7B%22value_role%22%3A%22administrator%22%7D%5D&#8221;][vc_custom_heading text=&#8221;\u00bfQui\u00e9nes <b>SOMOS<\/b>?&#8221; font_container=&#8221;tag:h2|font_size:25|text_align:center|line_height:1&#8243; use_theme_fonts=&#8221;yes&#8221; el_class=&#8221;mb-3&#8243;][vc_column_text]<\/p>\n<p style=\"text-align: center;\">Creada en el a\u00f1o 2009, que trabaja en la<br \/>\nformulaci\u00f3n y ejecuci\u00f3n de programas de<br \/>\nprotecci\u00f3n e integraci\u00f3n social; encaminados<br \/>\nal rescate de los derechos fundamentales de<br \/>\nla poblaci\u00f3n en estado de vulnerabilidad,<br \/>\ndesarrollando todo tipo de acciones que<br \/>\npropendan por el bienestar de la persona, la<br \/>\nfamilia y la sociedad.<\/p>\n<p>[\/vc_column_text][\/vc_column][vc_column width=&#8221;1\/2&#8243; offset=&#8221;vc_col-md-offset-2 vc_col-md-4 vc_col-sm-offset-4&#8243; el_class=&#8221;col-sm-8 offset-sm-5 mt-sm-5 pt-sm-5&#8243;][vc_column_text css=&#8221;&#8221;]<a href=\"https:\/\/docs.google.com\/document\/d\/1AUAnOmLgvNOl7uL-S2EOnJPxrj6p04_CDzGAV3LNVG4\/edit?usp=sharing\">R\u00e9gimen tributario especial<\/a>[\/vc_column_text][vc_single_image image=&#8221;2971&#8243; img_size=&#8221;full&#8221; css=&#8221;.vc_custom_1685801572104{margin-top: 10% !important;margin-left: -54% !important;}&#8221; animation_delay=&#8221;300&#8243; css_animation=&#8221;none&#8221; el_class=&#8221;position-absolute d-none d-sm-block&#8221; animation_type=&#8221;zoomIn&#8221;][vc_single_image image=&#8221;917&#8243; img_size=&#8221;full&#8221; css=&#8221;.vc_custom_1542029951008{margin-top: -26% !important;margin-left: -33% !important;}&#8221; animation_delay=&#8221;100&#8243; el_class=&#8221;position-absolute d-none d-sm-block&#8221; animation_type=&#8221;zoomIn&#8221;][vc_single_image image=&#8221;2975&#8243; img_size=&#8221;full&#8221; animation_delay=&#8221;600&#8243; el_class=&#8221;position-relative mb-0&#8243; animation_type=&#8221;zoomIn&#8221;][\/vc_column][\/vc_row]<\/p>\n<\/div>","protected":false},"excerpt":{"rendered":"<p>[vc_row wrap_container=&#8221;yes&#8221; el_class=&#8221;pb-5 overflow-hidden&#8221;][vc_column width=&#8221;3\/4&#8243; el_class=&#8221;mx-md-auto&#8221; animation_type=&#8221;maskUp&#8221;][\/vc_column][\/vc_row][vc_row wrap_container=&#8221;yes&#8221; animation_delay=&#8221;&#8221; el_class=&#8221;pb-5&#8243;][vc_column][vc_row_inner][vc_column_inner width=&#8221;1\/3&#8243; animation_delay=&#8221;800&#8243; animation_type=&#8221;fadeInLeft&#8221;][vc_custom_heading text=&#8221;\u00bfQU\u00c9 NOS PROPONEMOS? MISI\u00d3N &#8221; font_container=&#8221;tag:h2|font_size:25|text_align:center|line_height:1&#8243; use_theme_fonts=&#8221;yes&#8221; el_class=&#8221;mb-3&#8243;][\/vc_column_inner][vc_column_inner width=&#8221;1\/3&#8243; animation_delay=&#8221;600&#8243; animation_type=&#8221;fadeIn&#8221;][vc_custom_heading text=&#8221;\u00bfHACIA DONDE MIRAMOS? VISI\u00d3N &#8221; font_container=&#8221;tag:h2|font_size:25|text_align:center|line_height:1&#8243; use_theme_fonts=&#8221;yes&#8221; el_class=&#8221;mb-3&#8243;][\/vc_column_inner][vc_column_inner width=&#8221;1\/3&#8243; animation_delay=&#8221;800&#8243; animation_type=&#8221;fadeInRight&#8221;][vc_custom_heading text=&#8221;\u00bfC\u00d3MO LO VAMOS A LOGAR? PLAN &#8221; font_container=&#8221;tag:h2|font_size:25|text_align:center|line_height:1&#8243; use_theme_fonts=&#8221;yes&#8221; el_class=&#8221;mb-3&#8243;][\/vc_column_inner][\/vc_row_inner][\/vc_column][\/vc_row][vc_row wrap_container=&#8221;yes&#8221; is_section=&#8221;yes&#8221; remove_margin_top=&#8221;yes&#8221; remove_margin_bottom=&#8221;yes&#8221; remove_border=&#8221;yes&#8221; el_class=&#8221;p-t-xxl row-align-items-center&#8221;][vc_column text_align=&#8221;center&#8221; offset=&#8221;vc_col-md-6&#8243; el_class=&#8221;pe-lg-5 [&hellip;]<\/p>\n","protected":false},"author":1,"featured_media":0,"parent":0,"menu_order":0,"comment_status":"closed","ping_status":"closed","template":"","meta":{"content-type":"","footnotes":""},"class_list":["post-55","page","type-page","status-publish","hentry"],"_links":{"self":[{"href":"https:\/\/fundaciontejidosocial.org\/index.php\/wp-json\/wp\/v2\/pages\/55","targetHints":{"allow":["GET"]}}],"collection":[{"href":"https:\/\/fundaciontejidosocial.org\/index.php\/wp-json\/wp\/v2\/pages"}],"about":[{"href":"https:\/\/fundaciontejidosocial.org\/index.php\/wp-json\/wp\/v2\/types\/page"}],"author":[{"embeddable":true,"href":"https:\/\/fundaciontejidosocial.org\/index.php\/wp-json\/wp\/v2\/users\/1"}],"replies":[{"embeddable":true,"href":"https:\/\/fundaciontejidosocial.org\/index.php\/wp-json\/wp\/v2\/comments?post=55"}],"version-history":[{"count":30,"href":"https:\/\/fundaciontejidosocial.org\/index.php\/wp-json\/wp\/v2\/pages\/55\/revisions"}],"predecessor-version":[{"id":3087,"href":"https:\/\/fundaciontejidosocial.org\/index.php\/wp-json\/wp\/v2\/pages\/55\/revisions\/3087"}],"wp:attachment":[{"href":"https:\/\/fundaciontejidosocial.org\/index.php\/wp-json\/wp\/v2\/media?parent=55"}],"curies":[{"name":"wp","href":"https:\/\/api.w.org\/{rel}","templated":true}]}}