{"id":2952,"date":"2023-06-01T17:57:21","date_gmt":"2023-06-01T22:57:21","guid":{"rendered":"https:\/\/fundaciontejidosocial.org\/?page_id=2952"},"modified":"2023-06-01T17:58:10","modified_gmt":"2023-06-01T22:58:10","slug":"programas-de-bienestar-y-capacitacion","status":"publish","type":"page","link":"https:\/\/fundaciontejidosocial.org\/index.php\/programas-de-bienestar-y-capacitacion\/","title":{"rendered":"PROGRAMAS DE BIENESTAR Y CAPACITACI\u00d3N"},"content":{"rendered":"<div class=\"wpb-content-wrapper\"><p>[vc_row][vc_column][vc_column_text]Busca realizar por parte de la Fundaci\u00f3n la ejecuci\u00f3n de los planes institucionales de capacitaci\u00f3n y bienestar social, a trav\u00e9s de la implementaci\u00f3n de procesos de formaci\u00f3n continuada, encaminados a la actualizaci\u00f3n en temas que permitan el desarrollo de habilidades y competencias en la gesti\u00f3n p\u00fablica, como tambi\u00e9n generar espacios de integraci\u00f3n; a trav\u00e9s de salidas y encuentros con los funcionarios logrando el reconocimiento con sus pares, en un espacio que les permita intercambiar y expresar sus emociones.[\/vc_column_text][\/vc_column][\/vc_row][vc_row][vc_column][vc_gallery interval=&#8221;3&#8243;][\/vc_column][\/vc_row]<\/p>\n<\/div>","protected":false},"excerpt":{"rendered":"<p>[vc_row][vc_column][vc_column_text]Busca realizar por parte de la Fundaci\u00f3n la ejecuci\u00f3n de los planes institucionales de capacitaci\u00f3n y bienestar social, a trav\u00e9s de la implementaci\u00f3n de procesos de formaci\u00f3n continuada, encaminados a la actualizaci\u00f3n en temas que permitan el desarrollo de habilidades y competencias en la gesti\u00f3n p\u00fablica, como tambi\u00e9n generar espacios de integraci\u00f3n; a trav\u00e9s de [&hellip;]<\/p>\n","protected":false},"author":1,"featured_media":0,"parent":0,"menu_order":0,"comment_status":"closed","ping_status":"closed","template":"","meta":{"content-type":"","footnotes":""},"class_list":["post-2952","page","type-page","status-publish","hentry"],"_links":{"self":[{"href":"https:\/\/fundaciontejidosocial.org\/index.php\/wp-json\/wp\/v2\/pages\/2952","targetHints":{"allow":["GET"]}}],"collection":[{"href":"https:\/\/fundaciontejidosocial.org\/index.php\/wp-json\/wp\/v2\/pages"}],"about":[{"href":"https:\/\/fundaciontejidosocial.org\/index.php\/wp-json\/wp\/v2\/types\/page"}],"author":[{"embeddable":true,"href":"https:\/\/fundaciontejidosocial.org\/index.php\/wp-json\/wp\/v2\/users\/1"}],"replies":[{"embeddable":true,"href":"https:\/\/fundaciontejidosocial.org\/index.php\/wp-json\/wp\/v2\/comments?post=2952"}],"version-history":[{"count":2,"href":"https:\/\/fundaciontejidosocial.org\/index.php\/wp-json\/wp\/v2\/pages\/2952\/revisions"}],"predecessor-version":[{"id":2954,"href":"https:\/\/fundaciontejidosocial.org\/index.php\/wp-json\/wp\/v2\/pages\/2952\/revisions\/2954"}],"wp:attachment":[{"href":"https:\/\/fundaciontejidosocial.org\/index.php\/wp-json\/wp\/v2\/media?parent=2952"}],"curies":[{"name":"wp","href":"https:\/\/api.w.org\/{rel}","templated":true}]}}

PROGRAMAS DE BIENESTAR Y CAPACITACIÓN

<div class="wpb-content-wrapper"><p>[vc_row][vc_column][vc_column_text]Busca realizar por parte de la Fundación la ejecución de los planes institucionales de capacitación y bienestar social, a través de la implementación de procesos de formación continuada, encaminados a la actualización en temas que permitan el desarrollo de habilidades y competencias en la gestión pública, como también generar espacios de integración; a través de salidas y encuentros con los funcionarios logrando el reconocimiento con sus pares, en un espacio que les permita intercambiar y expresar sus emociones.[/vc_column_text][/vc_column][/vc_row][vc_row][vc_column][vc_gallery interval=&#8221;3&#8243;][/vc_column][/vc_row]</p>
</div>

<p>[vc_row][vc_column][vc_column_text]Busca realizar por parte de la Fundación la ejecución de los planes institucionales de capacitación y bienestar social, a través de la implementación de procesos de formación continuada, encaminados a la actualización en temas que permitan el desarrollo de habilidades y competencias en la gestión pública, como también generar espacios de integración; a través de [&hellip;]</p>
