{"id":2944,"date":"2023-06-01T17:41:21","date_gmt":"2023-06-01T22:41:21","guid":{"rendered":"https:\/\/fundaciontejidosocial.org\/?page_id=2944"},"modified":"2023-06-03T10:24:21","modified_gmt":"2023-06-03T15:24:21","slug":"adulto-mayor","status":"publish","type":"page","link":"https:\/\/fundaciontejidosocial.org\/index.php\/adulto-mayor\/","title":{"rendered":"ADULTO MAYOR"},"content":{"rendered":"<div class=\"wpb-content-wrapper\"><p>[vc_row][vc_column][vc_column_text]Los programas de adulto mayor manejados por la Fundaci\u00f3n, est\u00e1n encaminados a mejorar la calidad de vida de estos, a trav\u00e9s de actividades l\u00fadicas y la neurociencia, brid\u00e1ndoles herramientas que lleven a la auto aceptaci\u00f3n, siendo este el primer paso para interiorizar las caracter\u00edsticas que tiene la etapa de la madurez, y que no por eso su realizaci\u00f3n personal y funcionamiento como ser humano dejan de ser \u00f3ptimos.<br \/>\nEn las actividades realizadas por los adultos mayores, se busca afianzar las relaciones positivas con los dem\u00e1s. La importancia de la calidez y confianza en las relaciones interpersonales, as\u00ed como la capacidad de amar, son parte fundamental de la neurociencia en la vida adulta, siendo a su vez un criterio de madurez, se enfatiza en la autodeterminaci\u00f3n, la independencia y la regulaci\u00f3n de la conducta, teniendo en cuenta las necesidades de la poblaci\u00f3n.<br \/>\nComo estrategia de reconocimiento de la persona mayor, se realizan encuentros y salidas de integraci\u00f3n buscando el despertar de esa chispa de vida que los haga reconocerse como seres \u00fatiles e importantes, fortaleciendo en ellos h\u00e1bitos saludables y sentido de vida, entendiendo que la adultez y madurez en la que se encuentran es una etapa de la vida que debe ser vivida con pleno disfrute.[\/vc_column_text][\/vc_column][\/vc_row]<\/p>\n<\/div>","protected":false},"excerpt":{"rendered":"<p>[vc_row][vc_column][vc_column_text]Los programas de adulto mayor manejados por la Fundaci\u00f3n, est\u00e1n encaminados a mejorar la calidad de vida de estos, a trav\u00e9s de actividades l\u00fadicas y la neurociencia, brid\u00e1ndoles herramientas que lleven a la auto aceptaci\u00f3n, siendo este el primer paso para interiorizar las caracter\u00edsticas que tiene la etapa de la madurez, y que no por [&hellip;]<\/p>\n","protected":false},"author":1,"featured_media":0,"parent":0,"menu_order":0,"comment_status":"closed","ping_status":"closed","template":"","meta":{"content-type":"","footnotes":""},"class_list":["post-2944","page","type-page","status-publish","hentry"],"_links":{"self":[{"href":"https:\/\/fundaciontejidosocial.org\/index.php\/wp-json\/wp\/v2\/pages\/2944","targetHints":{"allow":["GET"]}}],"collection":[{"href":"https:\/\/fundaciontejidosocial.org\/index.php\/wp-json\/wp\/v2\/pages"}],"about":[{"href":"https:\/\/fundaciontejidosocial.org\/index.php\/wp-json\/wp\/v2\/types\/page"}],"author":[{"embeddable":true,"href":"https:\/\/fundaciontejidosocial.org\/index.php\/wp-json\/wp\/v2\/users\/1"}],"replies":[{"embeddable":true,"href":"https:\/\/fundaciontejidosocial.org\/index.php\/wp-json\/wp\/v2\/comments?post=2944"}],"version-history":[{"count":5,"href":"https:\/\/fundaciontejidosocial.org\/index.php\/wp-json\/wp\/v2\/pages\/2944\/revisions"}],"predecessor-version":[{"id":2988,"href":"https:\/\/fundaciontejidosocial.org\/index.php\/wp-json\/wp\/v2\/pages\/2944\/revisions\/2988"}],"wp:attachment":[{"href":"https:\/\/fundaciontejidosocial.org\/index.php\/wp-json\/wp\/v2\/media?parent=2944"}],"curies":[{"name":"wp","href":"https:\/\/api.w.org\/{rel}","templated":true}]}}