{"id":2932,"date":"2023-06-01T16:27:50","date_gmt":"2023-06-01T21:27:50","guid":{"rendered":"https:\/\/fundaciontejidosocial.org\/?page_id=2932"},"modified":"2023-06-03T10:23:10","modified_gmt":"2023-06-03T15:23:10","slug":"promocion-del-buen-trato","status":"publish","type":"page","link":"https:\/\/fundaciontejidosocial.org\/index.php\/promocion-del-buen-trato\/","title":{"rendered":"PROMOCI\u00d3N DEL BUEN TRATO"},"content":{"rendered":"<div class=\"wpb-content-wrapper\"><p>[vc_row][vc_column][vc_column_text]Fomentar la cultura del buen trato, basados en el respeto de los derechos fundamentales del ser humano, con \u00e9nfasis en la promoci\u00f3n del autocuidado y el desarrollo de acciones que fortalezcan, su promoci\u00f3n en la poblaci\u00f3n que vive situaciones de violencia familiar, maltrato infantil, abuso sexual, violencia de g\u00e9nero, violencia de identidad sexual, violencia contra las creencias religiosas y\/o violencia racial o \u00e9tnica; a trav\u00e9s de la formaci\u00f3n de los diferentes grupos de incidencia poblacional en la prevenci\u00f3n de todos los tipos de violencia, contando con el acompa\u00f1amiento psicosocial a personas cuidadoras y el acompa\u00f1amiento a los entes gubernamentales en la generaci\u00f3n de entornos seguros, logrando en los diferentes actores, el fortalecimiento de capacidades para la construcci\u00f3n de ciudadan\u00eda y desarrollo de habilidades para el ejercicio de los derechos de ni\u00f1os, ni\u00f1as mujeres y poblaci\u00f3n v\u00edctima de violencias.[\/vc_column_text][\/vc_column][\/vc_row][vc_row][vc_column][\/vc_column][\/vc_row]<\/p>\n<\/div>","protected":false},"excerpt":{"rendered":"<p>[vc_row][vc_column][vc_column_text]Fomentar la cultura del buen trato, basados en el respeto de los derechos fundamentales del ser humano, con \u00e9nfasis en la promoci\u00f3n del autocuidado y el desarrollo de acciones que fortalezcan, su promoci\u00f3n en la poblaci\u00f3n que vive situaciones de violencia familiar, maltrato infantil, abuso sexual, violencia de g\u00e9nero, violencia de identidad sexual, violencia contra [&hellip;]<\/p>\n","protected":false},"author":1,"featured_media":0,"parent":0,"menu_order":0,"comment_status":"closed","ping_status":"closed","template":"","meta":{"content-type":"","footnotes":""},"class_list":["post-2932","page","type-page","status-publish","hentry"],"_links":{"self":[{"href":"https:\/\/fundaciontejidosocial.org\/index.php\/wp-json\/wp\/v2\/pages\/2932","targetHints":{"allow":["GET"]}}],"collection":[{"href":"https:\/\/fundaciontejidosocial.org\/index.php\/wp-json\/wp\/v2\/pages"}],"about":[{"href":"https:\/\/fundaciontejidosocial.org\/index.php\/wp-json\/wp\/v2\/types\/page"}],"author":[{"embeddable":true,"href":"https:\/\/fundaciontejidosocial.org\/index.php\/wp-json\/wp\/v2\/users\/1"}],"replies":[{"embeddable":true,"href":"https:\/\/fundaciontejidosocial.org\/index.php\/wp-json\/wp\/v2\/comments?post=2932"}],"version-history":[{"count":5,"href":"https:\/\/fundaciontejidosocial.org\/index.php\/wp-json\/wp\/v2\/pages\/2932\/revisions"}],"predecessor-version":[{"id":2986,"href":"https:\/\/fundaciontejidosocial.org\/index.php\/wp-json\/wp\/v2\/pages\/2932\/revisions\/2986"}],"wp:attachment":[{"href":"https:\/\/fundaciontejidosocial.org\/index.php\/wp-json\/wp\/v2\/media?parent=2932"}],"curies":[{"name":"wp","href":"https:\/\/api.w.org\/{rel}","templated":true}]}}

PROMOCIÓN DEL BUEN TRATO

<div class="wpb-content-wrapper"><p>[vc_row][vc_column][vc_column_text]Fomentar la cultura del buen trato, basados en el respeto de los derechos fundamentales del ser humano, con énfasis en la promoción del autocuidado y el desarrollo de acciones que fortalezcan, su promoción en la población que vive situaciones de violencia familiar, maltrato infantil, abuso sexual, violencia de género, violencia de identidad sexual, violencia contra las creencias religiosas y/o violencia racial o étnica; a través de la formación de los diferentes grupos de incidencia poblacional en la prevención de todos los tipos de violencia, contando con el acompañamiento psicosocial a personas cuidadoras y el acompañamiento a los entes gubernamentales en la generación de entornos seguros, logrando en los diferentes actores, el fortalecimiento de capacidades para la construcción de ciudadanía y desarrollo de habilidades para el ejercicio de los derechos de niños, niñas mujeres y población víctima de violencias.[/vc_column_text][/vc_column][/vc_row][vc_row][vc_column][/vc_column][/vc_row]</p>
</div>

<p>[vc_row][vc_column][vc_column_text]Fomentar la cultura del buen trato, basados en el respeto de los derechos fundamentales del ser humano, con énfasis en la promoción del autocuidado y el desarrollo de acciones que fortalezcan, su promoción en la población que vive situaciones de violencia familiar, maltrato infantil, abuso sexual, violencia de género, violencia de identidad sexual, violencia contra [&hellip;]</p>
