{"id":2856,"date":"2023-06-01T11:39:33","date_gmt":"2023-06-01T16:39:33","guid":{"rendered":"https:\/\/fundaciontejidosocial.org\/?page_id=2856"},"modified":"2023-06-01T16:16:20","modified_gmt":"2023-06-01T21:16:20","slug":"infancia-adolescencia-juventud","status":"publish","type":"page","link":"https:\/\/fundaciontejidosocial.org\/index.php\/infancia-adolescencia-juventud\/","title":{"rendered":"INFANCIA, ADOLESCENCIA Y JUVENTUD"},"content":{"rendered":"<div class=\"wpb-content-wrapper\"><p>[vc_row][vc_column][vc_column_text]<\/p>\n<p style=\"text-align: center;\">Los programas liderados por parte de la Fundaci\u00f3n WR Tejido Social, para atender poblaci\u00f3n en las etapas de infancia, adolescencia y juventud, est\u00e1n centrados en el cuidado, la prevenci\u00f3n y la educaci\u00f3n, atendiendo el ritmo de aprendizaje e intereses propios de cada uno, a fin de dar respuesta oportuna a las necesidades que surgen desde suspropias realidades, con el prop\u00f3sito de promover el desarrollo integral y saludable, formando seres sensibles, solidarios, cr\u00edticos, creativos, reflexivos, aut\u00f3nomos e independientes. Los modelos de acompa\u00f1amiento pedag\u00f3gico, buscan el desarrollo de habilidades para la vida que le permita a los beneficiarios, evitar la deserci\u00f3n escolar, identificar posibles situaciones de maltrato y empoderarse frente a la toma de decisiones. No obstante, las pr\u00e1cticas pedag\u00f3gicas y las estrategias metodol\u00f3gicas utilizadas, fortalecen y mejoran\u00a0 en toda la comunidad educativa, las pautas de crianza, lo cual\u00a0 de manera natural disminuir\u00e1 los niveles de maltrato infantil, abuso y violencia. La Fundaci\u00f3n WR Tejido Social, apoyada en las nuevas tecnolog\u00edas, pone en marcha un proceso de empoderamiento y fortalecimiento de la autoestima de sus beneficiarios, resignificando la capacidad de los j\u00f3venes para contribuir y afrontar los numerosos desaf\u00edos que encara la sociedad, con lo cual, se abrir\u00e1 el camino para disminuir las brechas sociales y se hablar\u00e1 desde la pr\u00e1ctica real, s obre inclusi\u00f3n social, reducci\u00f3n de \u00edndices de pobreza, analfabetismo, y desarrollo\u00a0 sostenible.<\/p>\n<p>[\/vc_column_text][vc_row_inner][vc_column_inner][vc_separator][\/vc_column_inner][\/vc_row_inner][\/vc_column][\/vc_row][vc_row][vc_column width=&#8221;1\/2&#8243; animation_delay=&#8221;700&#8243; animation_type=&#8221;fadeInLeft&#8221; conditional_render=&#8221;%5B%7B%22value_role%22%3A%22administrator%22%7D%5D&#8221;]<div class=\"porto-sicon-box  wpb_custom_0a715aa00f14314050bde1efe7375c97 style_1 top-icon\"><div class=\"porto-sicon-top\"><div class=\"porto-just-icon-wrapper porto-icon advanced\" style=\"color:#0088cc;background:#f7f7f7;width:75px;height:75px;line-height:75px;border-radius:500px;font-size:32px;\"><i class=\"Simple-Line-Icons-globe\"><\/i><\/div><\/div><div class=\"porto-sicon-header\"><h3 class=\"porto-sicon-title\" style=\"\">CIBERSEGURIDAD<\/h3><p>(DICTADA POR PROFESIONALES DEL SECURITY COLLEGE) En los talleres dictados se busca mostrar de manera pr\u00e1ctica los diferentes riesgos que se presentan en el internet, c\u00f3mo afrontarlos, el uso adecuado de la protecci\u00f3n de datos, ciberacoso, y como actuar en caso de ser v\u00edctima de este flagelo.<\/p><\/div> <!-- header --><\/div><!-- porto-sicon-box -->[\/vc_column][vc_column width=&#8221;1\/2&#8243; animation_delay=&#8221;500&#8243; conditional_render=&#8221;%5B%7B%22value_role%22%3A%22administrator%22%7D%5D&#8221; animation_type=&#8221;fadeInLeft&#8221;]<div class=\"porto-sicon-box  wpb_custom_0a715aa00f14314050bde1efe7375c97 style_1 top-icon\"><div class=\"porto-sicon-top\"><div class=\"porto-just-icon-wrapper porto-icon advanced\" style=\"color:#f7f7f7;background:#0088cc;width:75px;height:75px;line-height:75px;border-radius:500px;font-size:32px;\"><i class=\"Simple-Line-Icons-settings\"><\/i><\/div><\/div><div class=\"porto-sicon-header\"><h3 class=\"porto-sicon-title\" style=\"\">ROB\u00d3TICA<\/h3><p>Proponemos y emprendemos proyectos que generan inter\u00e9s natural en el estudiante, se trabaja desde las inquietudes, reconociendo los deseos y gustos sobre lo que el estudiante desea investigar, motivando el inter\u00e9s aut\u00f3nomo por desarrollar sus propios aprendizajes y la voluntad de hacer o crear. La Fundaci\u00f3n se propone como meta, despertar el inter\u00e9s del estudiante para resolver una pregunta, as\u00ed mismo que sea capaz de plantear alternativas de soluci\u00f3n frente a una situaci\u00f3n o un problema, desarrollar la capacidad de hacer conjeturas, buscar y clasificar informaci\u00f3n, que se motive a imaginar estrategias para crear y construir, \u00a1A que sea el protagonista de su propio aprendizaje!<\/p><\/div> <!-- header --><\/div><!-- porto-sicon-box -->[\/vc_column][\/vc_row][vc_row][vc_column][vc_separator color=&#8221;white&#8221;][vc_text_separator title=&#8221;PREVENCI\u00d3N DE LA VIOLENCIA ESCOLAR&#8221;][vc_separator color=&#8221;white&#8221;][\/vc_column][\/vc_row][vc_row][vc_column width=&#8221;1\/2&#8243; animation_delay=&#8221;1100&#8243; animation_type=&#8221;fadeInRight&#8221; conditional_render=&#8221;%5B%7B%22value_role%22%3A%22administrator%22%7D%5D&#8221;]<div class=\"porto-sicon-box  wpb_custom_0a715aa00f14314050bde1efe7375c97 style_1 top-icon\"><div class=\"porto-sicon-top\"><div class=\"porto-just-icon-wrapper porto-icon advanced\" style=\"color:#f7f7f7;background:#0088cc;width:75px;height:75px;line-height:75px;border-radius:500px;font-size:32px;\"><i class=\"Simple-Line-Icons-people\"><\/i><\/div><\/div><div class=\"porto-sicon-header\"><h3 class=\"porto-sicon-title\" style=\"\">BULLYING<\/h3><p>La violencia dentro de un establecimiento educativo es algo complejo, ya que responde a un sin n\u00famero de causas, lo que se busca es identificar, cu\u00e1les son aquellas que hacen que este fen\u00f3meno se presente, y trabajar en la oportuna intervenci\u00f3n, si es un problema de abuso familiar, de exposici\u00f3n inadecuada a medios de comunicaci\u00f3n, o si es por una tendencia, lo importante es que los participantes logren identificar esos factores con la ayuda de un profesional.<\/p><\/div> <!-- header --><\/div><!-- porto-sicon-box -->[\/vc_column][vc_column width=&#8221;1\/2&#8243; animation_delay=&#8221;1300&#8243; animation_type=&#8221;fadeInRight&#8221; conditional_render=&#8221;%5B%7B%22value_role%22%3A%22administrator%22%7D%5D&#8221;]<div class=\"porto-sicon-box  wpb_custom_0a715aa00f14314050bde1efe7375c97 style_1 top-icon\"><div class=\"porto-sicon-top\"><div class=\"porto-just-icon-wrapper porto-icon advanced\" style=\"color:#0088cc;background:#f7f7f7;width:75px;height:75px;line-height:75px;border-radius:500px;font-size:32px;\"><i class=\"Simple-Line-Icons-user-following\"><\/i><\/div><\/div><div class=\"porto-sicon-header\"><h3 class=\"porto-sicon-title\" style=\"\">CUTING E IDEASI\u00d3N SUICIDA<\/h3><p>\u2022 Informar a los estudiantes y al personal de los centros educativos acerca de la problem\u00e1tica de la autoagresi\u00f3n y el suicidio juvenil, enfatizando en los datos existentes sobre este problema en Colombia. \u2022 Reconocer las principales situaciones de riesgo y los signos de alerta que pueden hacer sospechar que un ni\u00f1o o adolescente presenta ideas o intenciones suicidas. \u2022 Fomentar en el estudiante habilidades para vivir y manejar adecuadamente situaciones de su entorno para as\u00ed prevenir conductas de riesgo relacionadas con la autoagresi\u00f3n y el suicidio.<\/p><\/div> <!-- header --><\/div><!-- porto-sicon-box -->[\/vc_column][\/vc_row]<\/p>\n<\/div>","protected":false},"excerpt":{"rendered":"<p>[vc_row][vc_column][vc_column_text] Los programas liderados por parte de la Fundaci\u00f3n WR Tejido Social, para atender poblaci\u00f3n en las etapas de infancia, adolescencia y juventud, est\u00e1n centrados en el cuidado, la prevenci\u00f3n y la educaci\u00f3n, atendiendo el ritmo de aprendizaje e intereses propios de cada uno, a fin de dar respuesta oportuna a las necesidades que surgen [&hellip;]<\/p>\n","protected":false},"author":1,"featured_media":0,"parent":0,"menu_order":0,"comment_status":"closed","ping_status":"closed","template":"","meta":{"content-type":"","footnotes":""},"class_list":["post-2856","page","type-page","status-publish","hentry"],"_links":{"self":[{"href":"https:\/\/fundaciontejidosocial.org\/index.php\/wp-json\/wp\/v2\/pages\/2856","targetHints":{"allow":["GET"]}}],"collection":[{"href":"https:\/\/fundaciontejidosocial.org\/index.php\/wp-json\/wp\/v2\/pages"}],"about":[{"href":"https:\/\/fundaciontejidosocial.org\/index.php\/wp-json\/wp\/v2\/types\/page"}],"author":[{"embeddable":true,"href":"https:\/\/fundaciontejidosocial.org\/index.php\/wp-json\/wp\/v2\/users\/1"}],"replies":[{"embeddable":true,"href":"https:\/\/fundaciontejidosocial.org\/index.php\/wp-json\/wp\/v2\/comments?post=2856"}],"version-history":[{"count":44,"href":"https:\/\/fundaciontejidosocial.org\/index.php\/wp-json\/wp\/v2\/pages\/2856\/revisions"}],"predecessor-version":[{"id":2921,"href":"https:\/\/fundaciontejidosocial.org\/index.php\/wp-json\/wp\/v2\/pages\/2856\/revisions\/2921"}],"wp:attachment":[{"href":"https:\/\/fundaciontejidosocial.org\/index.php\/wp-json\/wp\/v2\/media?parent=2856"}],"curies":[{"name":"wp","href":"https:\/\/api.w.org\/{rel}","templated":true}]}}

<div class="wpb-content-wrapper"><p>[vc_row][vc_column][vc_column_text]</p>
<p style="text-align: center;">Los programas liderados por parte de la Fundación WR Tejido Social, para atender población en las etapas de infancia, adolescencia y juventud, están centrados en el cuidado, la prevención y la educación, atendiendo el ritmo de aprendizaje e intereses propios de cada uno, a fin de dar respuesta oportuna a las necesidades que surgen desde suspropias realidades, con el propósito de promover el desarrollo integral y saludable, formando seres sensibles, solidarios, críticos, creativos, reflexivos, autónomos e independientes. Los modelos de acompañamiento pedagógico, buscan el desarrollo de habilidades para la vida que le permita a los beneficiarios, evitar la deserción escolar, identificar posibles situaciones de maltrato y empoderarse frente a la toma de decisiones. No obstante, las prácticas pedagógicas y las estrategias metodológicas utilizadas, fortalecen y mejoran  en toda la comunidad educativa, las pautas de crianza, lo cual  de manera natural disminuirá los niveles de maltrato infantil, abuso y violencia. La Fundación WR Tejido Social, apoyada en las nuevas tecnologías, pone en marcha un proceso de empoderamiento y fortalecimiento de la autoestima de sus beneficiarios, resignificando la capacidad de los jóvenes para contribuir y afrontar los numerosos desafíos que encara la sociedad, con lo cual, se abrirá el camino para disminuir las brechas sociales y se hablará desde la práctica real, s obre inclusión social, reducción de índices de pobreza, analfabetismo, y desarrollo  sostenible.</p>
<p>[/vc_column_text][vc_row_inner][vc_column_inner][vc_separator][/vc_column_inner][/vc_row_inner][/vc_column][/vc_row][vc_row][vc_column width=&#8221;1/2&#8243; animation_delay=&#8221;700&#8243; animation_type=&#8221;fadeInLeft&#8221; conditional_render=&#8221;%5B%7B%22value_role%22%3A%22administrator%22%7D%5D&#8221;]<div class="porto-sicon-box  wpb_custom_0a715aa00f14314050bde1efe7375c97 style_1 top-icon"><div class="porto-sicon-top"><div class="porto-just-icon-wrapper porto-icon advanced" style="color:#0088cc;background:#f7f7f7;width:75px;height:75px;line-height:75px;border-radius:500px;font-size:32px;"><i class="Simple-Line-Icons-globe"></i></div></div><div class="porto-sicon-header"><h3 class="porto-sicon-title" style="">CIBERSEGURIDAD</h3><p>(DICTADA POR PROFESIONALES DEL SECURITY COLLEGE) En los talleres dictados se busca mostrar de manera práctica los diferentes riesgos que se presentan en el internet, cómo afrontarlos, el uso adecuado de la protección de datos, ciberacoso, y como actuar en caso de ser víctima de este flagelo.</p></div> <!-- header --></div><!-- porto-sicon-box -->[/vc_column][vc_column width=&#8221;1/2&#8243; animation_delay=&#8221;500&#8243; conditional_render=&#8221;%5B%7B%22value_role%22%3A%22administrator%22%7D%5D&#8221; animation_type=&#8221;fadeInLeft&#8221;]<div class="porto-sicon-box  wpb_custom_0a715aa00f14314050bde1efe7375c97 style_1 top-icon"><div class="porto-sicon-top"><div class="porto-just-icon-wrapper porto-icon advanced" style="color:#f7f7f7;background:#0088cc;width:75px;height:75px;line-height:75px;border-radius:500px;font-size:32px;"><i class="Simple-Line-Icons-settings"></i></div></div><div class="porto-sicon-header"><h3 class="porto-sicon-title" style="">ROBÓTICA</h3><p>Proponemos y emprendemos proyectos que generan interés natural en el estudiante, se trabaja desde las inquietudes, reconociendo los deseos y gustos sobre lo que el estudiante desea investigar, motivando el interés autónomo por desarrollar sus propios aprendizajes y la voluntad de hacer o crear. La Fundación se propone como meta, despertar el interés del estudiante para resolver una pregunta, así mismo que sea capaz de plantear alternativas de solución frente a una situación o un problema, desarrollar la capacidad de hacer conjeturas, buscar y clasificar información, que se motive a imaginar estrategias para crear y construir, ¡A que sea el protagonista de su propio aprendizaje!</p></div> <!-- header --></div><!-- porto-sicon-box -->[/vc_column][/vc_row][vc_row][vc_column][vc_separator color=&#8221;white&#8221;][vc_text_separator title=&#8221;PREVENCIÓN DE LA VIOLENCIA ESCOLAR&#8221;][vc_separator color=&#8221;white&#8221;][/vc_column][/vc_row][vc_row][vc_column width=&#8221;1/2&#8243; animation_delay=&#8221;1100&#8243; animation_type=&#8221;fadeInRight&#8221; conditional_render=&#8221;%5B%7B%22value_role%22%3A%22administrator%22%7D%5D&#8221;]<div class="porto-sicon-box  wpb_custom_0a715aa00f14314050bde1efe7375c97 style_1 top-icon"><div class="porto-sicon-top"><div class="porto-just-icon-wrapper porto-icon advanced" style="color:#f7f7f7;background:#0088cc;width:75px;height:75px;line-height:75px;border-radius:500px;font-size:32px;"><i class="Simple-Line-Icons-people"></i></div></div><div class="porto-sicon-header"><h3 class="porto-sicon-title" style="">BULLYING</h3><p>La violencia dentro de un establecimiento educativo es algo complejo, ya que responde a un sin número de causas, lo que se busca es identificar, cuáles son aquellas que hacen que este fenómeno se presente, y trabajar en la oportuna intervención, si es un problema de abuso familiar, de exposición inadecuada a medios de comunicación, o si es por una tendencia, lo importante es que los participantes logren identificar esos factores con la ayuda de un profesional.</p></div> <!-- header --></div><!-- porto-sicon-box -->[/vc_column][vc_column width=&#8221;1/2&#8243; animation_delay=&#8221;1300&#8243; animation_type=&#8221;fadeInRight&#8221; conditional_render=&#8221;%5B%7B%22value_role%22%3A%22administrator%22%7D%5D&#8221;]<div class="porto-sicon-box  wpb_custom_0a715aa00f14314050bde1efe7375c97 style_1 top-icon"><div class="porto-sicon-top"><div class="porto-just-icon-wrapper porto-icon advanced" style="color:#0088cc;background:#f7f7f7;width:75px;height:75px;line-height:75px;border-radius:500px;font-size:32px;"><i class="Simple-Line-Icons-user-following"></i></div></div><div class="porto-sicon-header"><h3 class="porto-sicon-title" style="">CUTING E IDEASIÓN SUICIDA</h3><p>• Informar a los estudiantes y al personal de los centros educativos acerca de la problemática de la autoagresión y el suicidio juvenil, enfatizando en los datos existentes sobre este problema en Colombia. • Reconocer las principales situaciones de riesgo y los signos de alerta que pueden hacer sospechar que un niño o adolescente presenta ideas o intenciones suicidas. • Fomentar en el estudiante habilidades para vivir y manejar adecuadamente situaciones de su entorno para así prevenir conductas de riesgo relacionadas con la autoagresión y el suicidio.</p></div> <!-- header --></div><!-- porto-sicon-box -->[/vc_column][/vc_row]</p>
</div>

<p>[vc_row][vc_column][vc_column_text] Los programas liderados por parte de la Fundación WR Tejido Social, para atender población en las etapas de infancia, adolescencia y juventud, están centrados en el cuidado, la prevención y la educación, atendiendo el ritmo de aprendizaje e intereses propios de cada uno, a fin de dar respuesta oportuna a las necesidades que surgen [&hellip;]</p>
